 3*y**2 + y. Suppose -s = -6*s + 15. Suppose 2*a - 7*a - 11 = -3*h, -5*h = -s*a - 13. Calculate t(h).
0
Let k(u) = u - 3. Suppose -t + 5*c = -4 - 10, t + 3*c = -18. Give k(t).
-9
Let f(p) = 5*p - 5*p - 1 + 4*p. Determine f(1).
3
Let t(x) = x - 6. Let i(k) = k**3 - 6*k**2 + 5. Suppose 5*y = 3*d - 18, 3*d - 3*y = 8 + 4. Let o = d - -5. Let p be i(o). Determine t(p).
-1
Let l(g) = -g. Let p be 2*(4/(-8) - -2). Suppose 0 = 2*b - 7 - p. Determine l(b).
-5
Let d = 16 - 14. Let f(k) be the second derivative of 0*k**3 + 1/12*k**4 + 0 - 2*k**d + 2*k. Give f(3).
5
Suppose -2*g = g - 6. Suppose -g*r = 3*r - 5. Let b(h) = -4*h. Determine b(r).
-4
Let y be ((-6)/4)/(2/(-4)). Suppose 5*q - 2 - 8 = 0. Let f(i) = 18 - 14 + i - 3*i**2 + 2*i**q. What is f(y)?
-2
Let m = 57 - 62. Let i(p) be the second derivative of p**5/20 + 5*p**4/12 - p**3/6 - 5*p**2/2 + 2*p. What is i(m)?
0
Let h(x) = 4*x**2 - 1 + x**3 + 3*x**2 - x - 5*x - 4*x**2. Calculate h(-4).
7
Let a = 19 + -12. Let h(n) = 1 - a*n**2 + 4*n**2 + 2*n**2. Calculate h(-1).
0
Let l(w) be the third derivative of w**4/24 - w**3/3 - 4*w**2. Give l(-6).
-8
Let z(g) = g**2 - 6*g - 6. Let f = 7 + -3. Suppose -5*q = -4*n - 38, f*q - 22 = q + 2*n. Determine z(q).
-6
Let p(v) be the second derivative of 4*v**3/3 - v**2/2 + 8*v. Determine p(-1).
-9
Let w(o) = -o**2 + 3. Let z = 4 + -9. Let n = -2 - z. Calculate w(n).
-6
Suppose -5 = -k - 0. Suppose -k*f + 0*p + 4 = p, 4 = -2*f + p. Let i(d) = d**2 + d + 5. Give i(f).
5
Let b(a) = 2*a + 2*a**2 - 3*a**2 - a + 2*a**2 - 1. Let o be b(0). Let d(w) = 7*w. Calculate d(o).
-7
Let c(r) = r**2 - r. Let t(q) = -q**2 + 6*q - 4. Let s(z) = -2*c(z) - t(z). Let u be -7 + (5 - (-1 + 4)). Calculate s(u).
-1
Let m(d) be the second derivative of -d**6/120 - d**5/10 - d**4/6 + 5*d**3/6 - d**2 + 3*d. Let x(c) be the first derivative of m(c). Calculate x(-5).
0
Suppose 5*j - 5*g - 23 = -8, 2*g = -2*j - 14. Let i be (0 + 0 + j)/(-2). Let y(k) be the second derivative of -k**4/2 + k. Determine y(i).
-6
Let q(a) = -11*a. Let v(o) = -5*o. Let u(n) = 2*q(n) - 5*v(n). Determine u(4).
12
Suppose 0*b + 4*b - 28 = 0. Let i(s) = -s**2 + 3*s**2 - s**2 + b*s - 2*s + 1. What is i(-4)?
-3
Let t(k) = -2*k**3 - 2*k**2 - 5*k + 10. Let f(m) = -m**3 - m**2 - 3*m + 5. Let r(n) = 5*f(n) - 3*t(n). Give r(0).
-5
Let m(l) = -36*l + 71*l - 32*l. What is m(-1)?
-3
Let y(k) = 5*k - 3*k - k + 1 + 0*k. Let m be y(5). Let j(a) = a - 5*a**3 - a**2 - 6 + m + 2*a**2. Give j(-1).
5
Let h(s) = 9*s**3 - 2*s + 1. Let t(d) = -d**3 - d**2 - 1. Let w(z) = h(z) + 2*t(z). Suppose 4*u - 4 = 8*u. What is w(u)?
-8
Let z(m) be the second derivative of -m**2 + 0 + 0*m**4 + 0*m**3 + m + 1/20*m**5. Let k be (-1 + 0)*1 + 3. Give z(k).
6
Let n(r) = -r + 5. Let o = -34 - -38. What is n(o)?
1
Let s(q) = q**2 - q - 1. Let t = 26 + -30. Give s(t).
19
Let t = -26 - -29. Let k(u) = 7 - 2*u + 5*u**2 - 9 + 0 - u**t. Determine k(4).
6
Let c(u) = -u - 9. Let q be c(-14). Suppose -4 = -2*t + 3*l, 28 = -3*t + l - q*l. Let s(n) = -n**3 - 4*n**2 + n + 5. Determine s(t).
1
Suppose 0*f - 2*f = 0. Let m be f + -1 + (1 - 1). Let a = m + 2. Let h(q) = 8*q**3 + q**2 - 2*q + 1. Calculate h(a).
8
Let w(a) = -a + 13. Suppose -44 = -4*i + 3*o, 3*i + 4*o - 44 = 9*o. Suppose -12*n = -i*n. Calculate w(n).
13
Suppose 5*h + 1 = -19. Let t(j) = 4*j**3. Let g be t(1). Let s(z) = 0*z**3 - z**3 + 4 - g*z**2 + 0*z**2. What is s(h)?
4
Let x(p) = p**3 - 5*p**2 - p. Suppose 13 = 4*v - 27. Suppose -q + 7 + v = 3*j, -q - 23 = -5*j. Give x(j).
-5
Let s = 4 + -1. Suppose 0 = 5*o - 8 - 2. Suppose s = -j + o. Let r(k) = -5*k**2 + 2*k + 1. Determine r(j).
-6
Let m(z) = 2*z - 10. Let o(r) = r + 20. Let w be o(-10). Calculate m(w).
10
Suppose 2*x = 5 - 1. Let m(t) = -19*t + 2 - t**3 + 25*t - 10*t + 4*t**2. Calculate m(x).
2
Let h(r) = 10 - 3*r - 11 + 7. Give h(7).
-15
Let f(d) = 11*d - 10*d + 0 + 0 - d**2. Give f(5).
-20
Let z be (-3)/2 + 1/(-2). Let v(k) be the second derivative of -k**5/60 - k**3/6 - 9*k**2/2 + 8*k. Let c(w) be the first derivative of v(w). What is c(z)?
-5
Let t(x) = x**3 + 2*x**2 - 6*x + 1. Let n(m) = -m**2 - m. Let i(z) = n(z) - t(z). Calculate i(-4).
-5
Let k(q) be the second derivative of -q**4/12 - q**3/6 + q**2 - 3*q. Let f be k(-2). Suppose f*i - 4 = -2*i. Let g(d) = d**3 - 2. Give g(i).
6
Let d be 41/4 + (-2)/8. Let r be (-1*2)/((-5)/d). Suppose -2*b = -4*b, -2*b = g + r. Let f(z) = z**2 + 7*z + 5. Give f(g).
-7
Let b(j) = 2*j - 1. Let w(d) = d**2 + 5*d + 7. Let a be w(-5). Let t(q) = q - 4. Let m be t(a). Let y be 22/6 - 2/m. What is b(y)?
5
Let b(u) = -2*u**3 - 4*u**2 - u - 4. Let a = 47 - 50. Determine b(a).
17
Let q = 0 + 5. Let r be 2 - ((-1 - 3) + 4). Let g(c) = -6*c + 2*c + 7 - c**r + 3*c + 5*c. Calculate g(q).
2
Let m(d) = 20*d + 21*d - 68*d + 24*d + 5. Give m(7).
-16
Let q(b) = -3*b**3 - 12*b**2 + 7*b - 7. Let n(l) = -l**3 - l**2. Let v(u) = -4*n(u) + q(u). Determine v(7).
-7
Let p(u) = 7*u**3 + 3*u**2 + u - 4. Let h(a) = 20*a**3 + 9*a**2 + 3*a - 12. Let y(t) = 6*h(t) - 17*p(t). Determine y(-3).
-7
Let v(s) be the third derivative of -s**5/60 - s**4/24 + s**3/2 - 7*s**2. Give v(-3).
-3
Let d = -2/59 + 71/354. Let k(h) be the third derivative of 0*h - 1/3*h**3 - d*h**4 + 2*h**2 + 0 + 1/60*h**5. Give k(4).
-2
Suppose -6*x + 3*x = -3. Suppose x = 5*f - 4. Let s(w) = 3 - 6 - f - 7*w - w**2. Calculate s(-5).
6
Suppose -5*s = -2*m + 3, -4*m + 8 = -3*s - 5. Let v(u) = 5*u**2 + 0*u**2 - 12 + u**3 + m*u**2 - 2*u. Give v(-9).
6
Let z(j) = 4*j - 2 - 3*j**2 - j + 4 + 1. Determine z(-2).
-15
Suppose 3*u - 4*j = -29, -2*u = -7*j + 2*j + 31. Let x = 7 + u. Let k(t) = 1 - 2*t**3 + 5*t**2 + t**3 - 7*t + 5 - 1. What is k(x)?
-7
Suppose 5*z + 21 = -19. Let f be (z/(-20))/((-1)/(-10)). Let i(x) = 5*x**2 + 4 - 4 - x**3 - f*x. Give i(4).
0
Suppose -3*u = -6*u - 3*b + 18, 0 = -u + b. Let s(x) = -x - 2 - 2*x**2 + 3*x**2 + 1. Give s(u).
5
Let j be (4/(-6))/((-4)/12). Let b(i) = 13*i**3 + 7 + i - 8*i**3 - 7 + 2*i**j. What is b(-1)?
-4
Suppose -5*s + 5 + 0 = 0. Let d(z) be the second derivative of 7*z**4/12 + z. What is d(s)?
7
Let z(i) be the third derivative of -i**7/2520 + i**5/120 + i**4/12 - 2*i**2. Let t(s) be the second derivative of z(s). Give t(3).
-8
Let t = -17 - -25. Let n(x) = 9*x - 6 + 15 - t*x. Suppose k = -k. Calculate n(k).
9
Let l(x) = x**2 - x + 2. Let v(s) = s - 8. Let f(i) = -i + 9. Let t(q) = 4*f(q) + 5*v(q). Let y be t(2). Determine l(y).
8
Let q(c) = -3*c**3 - 2*c**2 - 1. Let f = 18 - 20. Determine q(f).
15
Let q = -1 - -4. Let h(d) = 2 - 3*d + q - 1. Determine h(4).
-8
Let b(p) = -p + 1. Let r be b(1). Suppose 0 = 5*n + 5*a + 21 - 6, 5*n - a - 3 = r. Suppose 5*d + 5 = -n*d. Let i(t) = 2*t**2 - t. Give i(d).
3
Suppose -s = -2 - 1. Let k(q) = 2*q - 4. Calculate k(s).
2
Let z(f) = 8*f**2 - 2*f + f**2 - 6*f**2. Determine z(2).
8
Let y = -10 - -12. Suppose -6*z + y*z + 12 = 0. Let v(f) = -3*f + 4. What is v(z)?
-5
Suppose 4*w - 20 = 0, 8*v - 5 = 3*v + w. Let j(n) = 1 - 4*n - 5*n + 2*n + v*n. Suppose -k + 3 = 3*d - 2, -3*k - 5*d + 7 = 0. Give j(k).
6
Let v = 4 + -3. Suppose x + 0*x = 8. Let l(i) = -10 + 2 + x + 4*i - 1. What is l(v)?
3
Let j(p) be the third derivative of -p**4/24 + 4*p**3/3 + 20*p**2. Give j(8).
0
Suppose h + 8 = 4*c - 3*h, 2*h - 4 = -2*c. Let s(k) = -k**3 + 0 + 5*k**c + 3 + 0. Suppose 4*d - 5 = 3*d. What is s(d)?
3
Let c(g) = g + 2 - 4 + 8 + 0. Give c(5).
11
Let b(p) = p**2 + 8*p - 3. Let t be b(-9). Let l(i) = -i**3 + 5*i**2 + 6*i - 2. Calculate l(t).
-2
Let q(x) = 7*x**3 - 3*x**3 - 3*x**3 + 2*x**2 + 7 - 6 - 2*x. Give q(-3).
-2
Suppose 2*b + 6*b = -b. Let a(t) = t**3 - 2. Give a(b).
-2
Let h(b) = -12 + 8*b + 4*b**2 - 12*b**2 + 6*b**3 + 3 - 7*b**3. What is h(-9)?
0
Let b = -2 - -1. Let a(f) = -f**2 - 6*f - 5. Let o be a(-4). Let k(r) = -1 + 4*r + r**o + 0*r + 2*r**2 - 4*r. Determine k(b).
0
Suppose 2*x + 15 = 2*f - x, -f - 3*x - 15 = 0. Let t(o) = 5*o + 1. Let b(a) = 11*a + 2. Let v(r) = 6*b(r) - 13*t(r). Give v(f).
-1
Suppose -3 = -2*h - 3*l + 3, -l = 0. Suppose g - 6*g - 6 = 4*u, 2*g = -u - h. Let n(b) = 0*b**3 - 5*b**2 + 1 - b**3 + 2*b**2. Calculate n(g).
-3
Let r(n) be the third derivative of n**6/120 + n**5/60 + n**4/24 - 8*n**3/3 + 19*n**2. What is r(0)?
-16
Let x(j) = 2*j**3 - 15*j**2 - 6*j - 7. Let c(g) = g. Let n be c(4). Le